 2552. Give f(58).
0
Let g(q) = 84*q - 654. Give g(8).
18
Let r(l) = 2*l**2 - 21*l - 4. What is r(7)?
-53
Let m(b) = 2*b**3 - 49*b**2 - 17*b - 220. Determine m(25).
-20
Let w(c) = 11*c**2 - 256*c + 7. Calculate w(18).
-1037
Let p(c) = -4*c**2 - 278*c - 2278. Give p(-60).
2
Let n(m) = -6*m**3 - 5*m - 11. Determine n(-2).
47
Let h(r) = -2*r**2 + 1165*r - 10379. Give h(9).
-56
Let b(t) = t**2 + 443*t + 2163. Give b(-5).
-27
Let y(x) = x**3 + 52*x**2 - 55*x - 105. Give y(-53).
1
Let z(b) = 8*b**3 + 38*b**2 - 31*b - 131. Calculate z(-5).
-26
Let i(m) = 11*m - 212. Give i(23).
41
Let k(s) = 4*s**3 - 24*s**2 - 6*s + 37. Determine k(6).
1
Let l(j) = -89*j - 778. Calculate l(-9).
23
Let d(q) = -9*q - 149. Determine d(0).
-149
Let n(r) = -r**3 - 12*r**2 + 10*r - 14. Determine n(-13).
25
Let r(y) = -118*y - 113. Calculate r(-1).
5
Let k(w) = -2*w**2 - 1602*w + 1603. Give k(1).
-1
Let r(g) = 228*g - 10258. What is r(45)?
2
Let i(g) = 5*g**2 - 96*g + 3. What is i(5)?
-352
Let m(n) = 2*n**3 - 76*n**2 + 4*n - 151. Calculate m(38).
1
Let w(y) = -18*y + 402. Determine w(21).
24
Let o(p) = -p**2 + 147*p - 2542. Calculate o(20).
-2
Let j(n) = n**2 - 231*n - 3167. Determine j(-13).
5
Let r(t) = 9*t**2 - 528*t - 2437. What is r(63)?
20
Let h(d) = 30*d**3 - 3*d**2 + 3*d. Calculate h(2).
234
Let m(y) = 186*y + 101. What is m(2)?
473
Let s(i) = i**3 - 2*i**2 - 35*i - 2. Determine s(6).
-68
Let x(d) = 4*d**2 - 138*d + 1484. What is x(19)?
306
Let h(a) = 20*a**2 - 128*a + 147. Give h(5).
7
Let l(d) = -d**2 + 288*d - 17942. Calculate l(91).
-15
Let d(n) = n**2 - 210*n - 8036. Calculate d(-33).
-17
Let s(p) = 3*p - 56. Determine s(22).
10
Let b(l) = 5*l**2 - 406*l + 887. Calculate b(79).
18
Let n(h) = -5*h**2 - 82*h + 40. Determine n(-16).
72
Let r(v) = -v**3 + 11*v**2 + 20*v + 32. Determine r(13).
-46
Let r(o) = 2*o**3 - 71*o**2 - 33*o - 2. Give r(36).
106
Let g(a) = -4*a**2 - 24*a + 105. Calculate g(6).
-183
Let h(n) = -n**2 + 57*n - 740. Calculate h(38).
-18
Let g(h) = -h**2 - 44*h - 284. Determine g(-10).
56
Let g(m) = m**3 + 39*m**2 + 221*m - 76. Give g(-32).
20
Let c(g) = -343*g - 2749. Calculate c(-8).
-5
Let b(k) = -2*k**3 - 350*k**2 + 2550*k + 360. What is b(-182)?
-4
Let d(k) = -k**3 - 10*k**2 + 309*k - 547. Calculate d(12).
-7
Let v(c) = -17*c**3 - 3*c**2 - 5*c - 8. What is v(-2)?
126
Let x(l) = l**3 + 52*l**2 - 284*l + 45. What is x(-57)?
-12
Let q(a) = -25*a + 1685. Give q(67).
10
Let r(x) = -2*x**2 - 2951*x - 8843. Calculate r(-3).
-8
Let d(g) = g**3 - 51*g**2 - 41*g - 570. Determine d(52).
2
Let u(x) = -2*x**3 - 7*x**2 - 37*x - 171. Calculate u(-5).
89
Let x(i) = -i**2 + 51*i - 232. What is x(34)?
346
Let t(k) = -6*k**2 + 110*k - 31. Calculate t(18).
5
Let t(y) = -y**2 - 80*y - 173. Determine t(-71).
466
Let h(s) = 11*s + 100. Give h(-5).
45
Let w(i) = -2*i**3 + 2*i**2 + 50*i - 179. Determine w(4).
-75
Let a(c) = 265*c - 7104. Calculate a(27).
51
Let k(i) = -i**2 + 201*i - 592. Calculate k(3).
2
Let z(j) = 702*j + 18240. What is z(-26)?
-12
Let a(q) = 2*q**3 - 102*q**2 - 103*q - 119. What is a(52)?
-67
Let g(r) = -2*r**2 - 664*r + 1348. What is g(2)?
12
Let f(s) = 3*s**3 + 59*s**2 + 301*s + 78. Calculate f(-9).
-39
Let y(r) = -r**3 - 14*r**2 + 7*r - 12. What is y(0)?
-12
Let c(b) = -93*b**2 + 4*b + 6. Calculate c(-1).
-91
Let r(x) = -x**3 - 12*x**2 + 29*x + 20. Determine r(-14).
6
Let x(o) = o - 106. Give x(-26).
-132
Let a(w) = 6*w**3 - 9*w**2 - 22*w + 72. Determine a(5).
487
Let p(u) = u**3 + 11*u**2 - 123*u - 1272. Calculate p(-9).
-3
Let m(j) = 1011*j + 6083. Determine m(-6).
17
Let x(j) = -j**2 - 21*j + 16. Calculate x(-22).
-6
Let v(c) = c**2 + 59*c + 781. Calculate v(-18).
43
Let i(g) = -107*g - 4394. Give i(-41).
-7
Let h(i) = -i**2 + 41*i + 1081. Calculate h(-18).
19
Let s(t) = -7*t**3 + 105*t**2 + 17*t - 258. What is s(15)?
-3
Let m(q) = 16*q - 255. What is m(17)?
17
Let m(s) = -s**3 + 31*s**2 + 67*s - 26. Determine m(33).
7
Let n(x) = 20*x**2 - 83*x - 3. Calculate n(4).
-15
Let d(m) = -16*m - 8. Calculate d(-20).
312
Let j(p) = -p**3 - 14*p**2 - 11*p + 100. Determine j(-11).
-142
Let o(x) = -2*x**3 + 50*x**2 - 41*x - 83. Determine o(24).
85
Let r(x) = 18*x - 75. Determine r(3).
-21
Let j(h) = -3*h + 26. Calculate j(13).
-13
Let y(g) = g**2 + 12*g + 4. Determine y(-6).
-32
Let g(v) = v**3 + 113*v**2 - 15431*v + 1736. What is g(-193)?
-1
Let q(u) = -u**2 - 135*u + 10204. What is q(-189)?
-2
Let m(a) = -20*a**2 + 117*a - 5. Give m(6).
-23
Let j(k) = -20*k**3 - 11*k**2 - 7*k + 3. Give j(-1).
19
Let r(y) = -9*y**2 + 244*y - 37. Give r(27).
-10
Let f(o) = o**3 - 18*o**2 + 69*o + 28. Calculate f(12).
-8
Let p(u) = -u**2 - 1662*u + 28561. Calculate p(17).
18
Let a(j) = 100*j + 207. Determine a(-4).
-193
Let n(s) = -s**2 - 328*s - 5597. What is n(-18)?
-17
Let a(b) = -16*b - 273. Calculate a(-8).
-145
Let j(i) = -i**3 - 18*i**2 + 42*i - 60. Give j(-19).
-497
Let j(c) = 248*c**2 - 100*c. Determine j(1).
148
Let h(c) = -3*c**3 + 19*c**2 + 15*c + 13. Calculate h(7).
20
Let g(p) = p**3 + 6*p**2 - 28*p - 203. Determine g(-6).
-35
Let t(q) = q**3 + 18*q**2 - 44*q - 12. Give t(-20).
68
Let k(p) = -2*p**3 - 6*p**2 - 25*p + 34. Give k(6).
-764
Let c(u) = 5*u**2 + 675*u + 1355. What is c(-2)?
25
Let k(f) = -14*f**2 - 119*f - 1. Calculate k(-9).
-64
Let x(t) = -73*t**2 + 124*t + 48. Determine x(2).
4
Let k(w) = -58*w + 594. What is k(10)?
14
Let z(i) = -6*i**2 - 245*i - 136. Give z(-40).
64
Let h(t) = -18*t + 896. Determine h(51).
-22
Let l(x) = 3*x**2 + 6*x + 62. Determine l(-5).
107
Let a(m) = 117*m - 1469. Determine a(11).
-182
Let m(u) = -2*u**3 + 26*u**2 + 2*u - 14. Calculate m(13).
12
Let w(z) = -909*z + 9160. Calculate w(10).
70
Let r(x) = 1142*x + 8006. Give r(-7).
12
Let n(r) = r**3 - 60*r**2 + 51*r + 236. Determine n(59).
-236
Let g(j) = -j**3 + 31*j**2 - 8*j - 1445. Give g(29).
5
Let m(c) = -c**2 + 158*c - 6217. Give m(84).
-1
Let a(k) = 3*k**2 + 7*k + 34. Give a(-6).
100
Let u(i) = -407*i - 407. Give u(-1).
0
Let o(t) = 3*t**2 - 17*t - 74. Give o(10).
56
Let k(l) = 5*l**2 + 126*l - 5. What is k(-24)?
-149
Let l(c) = -c**3 - 3*c**2 - 7*c - 1. Determine l(-4).
43
Let h(w) = 2*w**2 - 6*w - 7. What is h(5)?
13
Let w(f) = -205*f - 1845. Determine w(-9).
0
Let x(i) = -2*i**3 - 6*i**2 - 3*i + 8. What is x(-4)?
52
Let v(s) = 2*s**3 - 4*s**2 - 187*s - 184. Give v(-1).
-3
Let t(s) = -s**2 - 2*s - 71. Give t(12).
-239
Let m(h) = h**2 + 42*h + 312. What is m(-12)?
-48
Let p(k) = -k**3 + 53*k**2 - 650*k + 128. Calculate p(34).
-8
Let g(d) = 2*d**3 - 2*d**2 + 7*d. What is g(3)?
57
Let m(i) = i**3 - 16*i**2 + 61*i - 10. Give m(10).
0
Let q(r) = 2*r**2 - 221*r + 4358. Calculate q(26).
-36
Let u(n) = 767*n + 54465. What is u(-71)?
8
Let c(o) = 2*o**3 - 61*o**2 - 408*o - 12. Determine c(-6).
-192
Let a(i) = -12*i - 323. What is a(-17)?
-119
Let t(o) = -54*o - 337. Determine t(-3).
-175
Let k(p) = -p**3 - 31*p**2 - 257*p + 89. Determine k(-13).
388
Let t(v) = -v**3 + 15*v**2 - 9*v - 19. Calculate t(13).
202
Let a(d) = -d**3 - 41*d**2 - 130*d + 2. What is a(-37)?
-664
Let f(b) = -b**2 + 68*b - 1157. What is f(36)?
-5
Let z(h) = 3*h + 81. Give z(-21).
18
Let l(r) = 5*r**3 + 40*r**2 - 175*r + 786. Calculate l(-12).
6
Let z(p) = 831*p - 13291. Determine z(16).
5
Let b(t) = t**3 - 23*t**2 - 42*t - 144. What is b(25)?
56
Let o(l) = 5*l**3 + 15*l**2 - 11*l - 4. Determine o(1).
5
Let q(y) = 19*y - 1261. Calculate q(66).
-7
Let y(o) = 20*o**2 - 78*o + 21. Determine y(5).
131
Let z(v) = 215*v - 11194. Give z(52).
-14
Let o(m) = -13*m - 195. Calculate o(-12).
-39
Let f(q) = 264*q - 1315. Calculate f(5).
5
Let u(i) = -53*i + 46. Calculate u(11).
-537
Let w(n) = -2*n + 65. Determine w(12).
41
Let g(i) = -22*i - 266. Calculate g(-18).
130
Let s(o) = -669*o - 5302. What is s(-8)?
50
Let u(r) = -4*r + 70. Determine u(6).
46
Let g(b) = b**3 + 34*b**2 + 67*b + 104. Determine g(-32).
8
Let g(r) = -3*r**2 - 94*r + 24. Give g(-12).
720
Let s(b) = -2*b**3 + 4*b**2 + 20*b. Determine s(4).
16
Let m(n) = -2*n**3 + 28*n**2 + 19*n + 84. Determine m(15).
-81
Let d(v) = -372*v - 5951. Determine d(-16).
1
Let k(s) = -4*s**2 - 37*s - 28. Give k(-7).
35
Let b(g) = -165*g + 3477. Determine b(21).
12
Let b(j) = 5*j**2 + 38*j + 97. Determine b(-9).
160
Let w(a) = -a**2 - 24*a + 136. Determine w(0).
13